-111 - -310123133132?
310123133021
In base 10, what is 18 + 305?
323
In base 10, what is -13661 + 9613?
-4048
In base 10, what is -73128 - 250?
-73378
In base 5, what is -3 + -1310430000?
-1310430003
In base 11, what is -6a6 + 359760?
359065
In base 2, what is -11111101101010110001010 + -1?
-11111101101010110001011
In base 3, what is -2 - 100002220210010?
-100002220210012
In base 16, what is 5ba + 78d?
d47
In base 10, what is -89722984 + -3?
-89722987
In base 5, what is -430023230 - -31?
-430023144
In base 8, what is -111 - -27574607?
27574476
In base 10, what is -137 - 744919?
-745056
In base 7, what is -310462 + 3223?
-304236
In base 3, what is -1212 - 10000012110?
-10000021022
In base 8, what is -77152 + 123?
-77027
In base 16, what is -d - -2a4?
297
In base 2, what is 110100110010111011010 - 10000?
110100110010111001010
In base 8, what is -2 - -535032534?
535032532
In base 4, what is -13030033110 + 1200?
-13030031310
In base 15, what is 6d17596 + -2?
6d17594
In base 5, what is -2402421000012 - 2?
-2402421000014
In base 10, what is 19 - 678864?
-678845
In base 5, what is 0 - -1221024423?
1221024423
In base 4, what is -121321121 - -22?
-121321033
In base 5, what is -11102 + -1221412?
-1233014
In base 9, what is 1 - 114158485?
-114158484
In base 15, what is 205 - -776ed?
77903
In base 16, what is -79a45e + 11?
-79a44d
In base 12, what is -8b5 - -11687?
10992
In base 14, what is -4 + -1d904a?
-1d9050
In base 12, what is -59657a - 1?
-59657b
In base 10, what is -619 - -39572?
38953
In base 11, what is -837 + -138a51?
-139788
In base 9, what is 2 - -7746608?
7746611
In base 11, what is 24649 - -1576?
26114
In base 13, what is -75c48 - -2498?
-73780
In base 3, what is -12 + 211221011111?
211221011022
In base 13, what is -103 - -171932?
17182c
In base 14, what is -16c53 + -11d?
-16d72
In base 15, what is -53 + 29558?
29505
In base 10, what is -235486 - 2?
-235488
In base 13, what is -40c93c63 + -2?
-40c93c65
In base 4, what is -12 - 21311330110?
-21311330122
In base 9, what is 2 - -16538715?
16538717
In base 2, what is 100111000 + 1100011111010111?
1100100100001111
In base 13, what is -430 + -cbb8?
-10318
In base 12, what is -37583 + 158?
-37427
In base 3, what is 11 - -1110010002100101?
1110010002100112
In base 7, what is 6661614641 - -3?
6661614644
In base 16, what is 1 - -f2f4a8?
f2f4a9
In base 8, what is -5 + -2302201274?
-2302201301
In base 14, what is 4681d + 1d?
4683c
In base 6, what is 5 - -54525513?
54525522
In base 14, what is 245a80b5 + 4?
245a80b9
In base 10, what is -27526 - 80?
-27606
In base 8, what is -437 - 134522?
-135161
In base 4, what is 220212 - -22221123?
23102001
In base 5, what is 32 - -4303123101?
4303123133
In base 5, what is 334343 + -121303?
213040
In base 11, what is 10425 + 417?
10841
In base 14, what is 3688c81 + 3?
3688c84
In base 5, what is -21322043241 + -10?
-21322043301
In base 11, what is -590834 + 26a?
-590575
In base 9, what is 6626 + 555?
7282
In base 12, what is -4 + -5197249?
-5197251
In base 14, what is -81b + -ac6?
-1503
In base 5, what is 2323003 + 12244?
2340302
In base 10, what is -16187 - 114?
-16301
In base 15, what is 74bd - 21?
749c
In base 11, what is -1 - -5890966?
5890965
In base 4, what is 1122003 - -10211301?
11333310
In base 16, what is -4b3 - 9027c?
-9072f
In base 9, what is 1588 - 321865?
-320266
In base 10, what is -2463640 + 13?
-2463627
In base 5, what is 10221004 - -211?
10221220
In base 4, what is -1203222 - -100123110?
32313222
In base 6, what is -11302551 - 133?
-11303124
In base 6, what is 13334004 - -2134?
13340142
In base 16, what is -131348 + -3?
-13134b
In base 16, what is -267e31a - 2?
-267e31c
In base 3, what is -11 + -220012000011012?
-220012000011100
In base 16, what is 653 - 74235?
-73be2
In base 16, what is 65fe - -2ee?
68ec
In base 11, what is 1612 - 236?
1387
In base 10, what is 3 + -2601419?
-2601416
In base 10, what is 339053549 - 5?
339053544
In base 2, what is 111100011101011000100 - 11?
111100011101011000001
In base 12, what is 13459 + -549?
12b10
In base 2, what is 10101110001111101110 + -10001?
10101110001111011101
In base 11, what is 199607 + 31?
199638
In base 9, what is 5265626 + -4?
5265622
In base 10, what is 5 + 10719475?
10719480
In base 13, what is 7c0 + 5a2?
1092
In base 15, what is -508 - 10cc20?
-10d228
In base 7, what is 1056332 + -1545?
1054454
In base 9, what is 3358 - 788106?
-784637
In base 9, what is -11214 + 1632?
-8472
In base 9, what is -3731226 + 0?
-3731226
In base 2, what is -10011000110101110 - 10000001?
-10011001000101111
In base 9, what is -588 + -162435?
-163134
In base 11, what is 4 + -172054112?
-172054109
In base 12, what is 1551 - -10384?
11915
In base 6, what is -245443 - 320202?
-1010045
In base 5, what is -21134 + 102014?
30330
In base 16, what is -805 + -3cdb?
-44e0
In base 14, what is 3 + 3abc2a?
3abc2d
In base 5, what is -33 - -1401401003?
1401400420
In base 11, what is -9 - -8238263?
8238255
In base 10, what is -27453 - -390?
-27063
In base 7, what is 2164 + -226444?
-224250
In base 16, what is -8e48e3 - -6?
-8e48dd
In base 6, what is 11525300 - -5?
11525305
In base 7, what is -1 + -15333460?
-15333461
In base 4, what is 102102131 + 13033?
102121230
In base 6, what is -43 + -13430010?
-13430053
In base 6, what is 405115114 - -125?
405115243
In base 11, what is -6901096 + -4?
-690109a
In base 16, what is 5a - -16e8?
1742
In base 4, what is 220333113 - 123220?
220203233
In base 6, what is -4 - -3145331543?
3145331535
In base 13, what is -a0 - 53798c?
-537a5c
In base 4, what is 22231100223100 + 10?
22231100223110
In base 11, what is 43870 - -50a?
4427a
In base 13, what is -a - 13719ab5?
-13719ac2
In base 12, what is -11469b3 + 3?
-11469b0
In base 11, what is 118 + -396851?
-396734
In base 16, what is 78692ba + 2?
78692bc
In base 8, what is -445 + 3353?
2706
In base 3, what is 100201210121222 + -2?
100201210121220
In base 4, what is 2 - 10033231230100?
-10033231230032
In base 10, what is 3 + 30019?
30022
In base 16, what is 5 - -5b64e1?
5b64e6
In base 16, what is 7977fd5c - 1?
7977fd5b
In base 5, what is 124 + -23441434?
-23441310
In base 10, what is 0 - -7639778?
7639778
In base 10, what is -220545326 + -1?
-220545327
In base 11, what is 28 + -666571?
-666544
In base 5, what is -10043424422 - -10?
-10043424412
In base 7, what is 3 - 1262110012?
-1262110006
In base 16, what is 1bcb6c + f?
1bcb7b
In base 13, what is -b05127 + -34?
-b0515b
In base 8, what is -3 + -16275175?
-16275200
In base 13, what is -81842 - 81?
-818c3
In base 2, what is -1000010111111 + 10100101111010111?
10011101100011000
In base 7, what is 1243560 - 2?
1243555
In base 16, what is bf87 + 64b?
c5d2
In base 16, what is 89e728 - e?
89e71a
In base 13, what is -5a4823 - -5?
-5a481b
In base 15, what is 11ac641 - 0?
11ac641
In base 14, what is 1 - 472a6a6?
-472a6a5
In base 4, what is 102323 - -1032123023?
1032232012
In base 9, what is -134 - -7321446?
7321312
In base 2, what is 1000111101101 - -111000010010011?
1000001010000000
In base 12, what is 120a66b - 3?
120a668
In base 8, what is -21 + 13423153?
13423132
In base 5, what is 1013000441340 - 0?
1013000441340
In base 5, what is -1030042442 - -2?
-1030042440
In base 5, what is 14130 + -1023343?
-1004213
In base 7, what is -625434 + 3563?
-621541
In base 9, what is -20 + -5286824?
-5286844
In base 9, what is 1254 - -16785?
18150
In base 16, what is 3cafc + -c?
3caf0
In base 6, what is -24123144243 + 4?
-24123144235
In base 6, what is -23 - 245450503?
-245450530
In base 10, what is -1510913 - -17?
-1510896
In base 10, what is -40284 + 2798?
-37486
In base 15, what is c5476 - -1c?
c5493
In base 4, what is 20100 - -32120122?
32200222
In base 5, what is -2 + 11202131213?
11202131211
In base 7, what is -601600302 - 3?
-601600305
In base 16, what is 28 - 32ae0?
-32ab8
In base 16, what is -711 - -14e01?
146f0
In base 10, what is 14611 + 4935?
19546
In base 12, what is -a215 + -5a74?
-14089
In base 2, what is 110 - 10101001100011000001000001?
-10101001100011000000111011
In base 14, what is 2da9 + 4306?
72b1
In base 8, what is -31474471 - 4?
-31474475
In base 6, what is -3500440 - -403?
-3500033
In base 4, what is 23 - 32301332101?
-32301332012
In base 14, what is bb + 1c96?
1d73
In base 8, what is 36741244 + 110?
367